{"id":115,"date":"2013-10-01T07:55:59","date_gmt":"2013-10-01T07:55:59","guid":{"rendered":"http:\/\/villarrobledo.gestagua.es\/?page_id=115"},"modified":"2014-05-07T15:37:16","modified_gmt":"2014-05-07T15:37:16","slug":"politica-de-privacidad","status":"publish","type":"page","link":"https:\/\/villarrobledo.gestagua.es\/index.php\/politica-de-privacidad\/","title":{"rendered":"Pol\u00edtica de Privacidad"},"content":{"rendered":"<div id=\"microsite_c1\" title=\"Contenido de oficina\">\n<h3 style=\"text-align: justify;\">Informaci\u00f3n general<\/h3>\n<p style=\"text-align: justify;\">Datos sobre este sitio web <a href=\"http:\/\/www.gestagua.es\/\">www.gestagua.es<\/a> <span style=\"text-decoration: underline;\">(Ley 34\/2002, de 11 de julio, de Servicios de la Sociedad de la Informaci\u00f3n y de Comercio Electr\u00f3nico)<\/span>:<\/p>\n<p style=\"text-align: justify;\">Titular: GESTI\u00d3N Y T\u00c9CNICAS DEL AGUA, S.A. Direcci\u00f3n: C\/ Rosario Pino, 14-16 Tel: 91 425 26 10 <strong>Datos Registrales<\/strong>: CIF: A-78139755 Inscrita en el Registro Mercantil de Madrid tomo 2.051, folio 170, hoja M-36507<\/p>\n<h3 style=\"text-align: justify;\">LOPD \u2013 Procesos de selecci\u00f3n<\/h3>\n<p style=\"text-align: justify;\"><span style=\"text-decoration: underline;\">Ley Org\u00e1nica 15\/1999, de Protecci\u00f3n de Datos de Car\u00e1cter Personal<\/span><\/p>\n<p style=\"text-align: justify;\">Su participaci\u00f3n en los procesos de selecci\u00f3n abiertos por nuestra organizaci\u00f3n supone su consentimiento expreso para que GESTAGUA pueda gestionarle como candidato al puesto al que opte, y de forma general, a cualquier futuro proceso de selecci\u00f3n que inicie nuestra organizaci\u00f3n. Una vez finalizado el proceso, es intenci\u00f3n de nuestra organizaci\u00f3n mantener su curr\u00edculo as\u00ed como cualquier otro dato proporcionado por usted a trav\u00e9s de entrevistas o solicitudes de informaci\u00f3n adicionales para tenerle en cuenta en futuros procesos de selecci\u00f3n. Puede ejercer sus derechos de acceso, rectificaci\u00f3n, cancelaci\u00f3n y oposici\u00f3n a trav\u00e9s de gestagua@gestagua.es<\/p>\n<h3 style=\"text-align: justify;\">Propiedad Intelectual<\/h3>\n<p style=\"text-align: justify;\">Todos los contenidos de esta p\u00e1gina Web (incluyendo el c\u00f3digo fuente, im\u00e1genes, textos, gr\u00e1ficos, etc.) est\u00e1n protegidos por la normativa nacional e internacional vigente sobre propiedad intelectual, encontr\u00e1ndose todos los derechos reservados. Queda terminantemente prohibida la reproducci\u00f3n de cualquier contenido de la Web sin el consentimiento expreso de GESTAGUA y de los poseedores de los derechos. La utilizaci\u00f3n no autorizada de la informaci\u00f3n contenida en esta Web, su reventa, as\u00ed como la lesi\u00f3n de los derechos de propiedad intelectual o industrial dar\u00e1 lugar a las responsabilidades legalmente establecidas.<\/p>\n<h3 style=\"text-align: justify;\">Responsabilidad<\/h3>\n<p style=\"text-align: justify;\">El uso del Web se realizar\u00e1 bajo la \u00fanica y exclusiva responsabilidad del Usuario. Dicha responsabilidad se extender\u00e1 al uso, por parte del usuario o de cualquier tercero, de cualesquiera contrase\u00f1a o similares asignadas para el acceso al Web o a cualesquiera de sus servicios. GESTAGUA no asume responsabilidad alguna derivada de los contenidos enlazados desde la Web, siempre que sean ajenos a la misma, ni garantiza la ausencia de virus u otros elementos en los mismos que puedan producir alteraciones en el sistema inform\u00e1tico (hardware y software), en los documentos o los ficheros del usuario, excluyendo cualquier responsabilidad por los da\u00f1os de cualquier clase causados al usuario por este motivo. GESTAGUA rechaza toda responsabilidad que se derive de la mala utilizaci\u00f3n de los contenidos expuestos en estas p\u00e1ginas y se reserva el derecho a actualizarlos, eliminarlos, establecer limitaciones o restringir su acceso en cualquier momento, de manera temporal o permanente.<\/p>\n<h3 style=\"text-align: justify;\">Conflictos<\/h3>\n<p style=\"text-align: justify;\">Para cualquier controversia o conflicto suscitado en relaci\u00f3n con esta p\u00e1gina Web, ser\u00e1 de aplicaci\u00f3n la legislaci\u00f3n espa\u00f1ola, siendo competentes para la resoluci\u00f3n de todos los conflictos derivados o relacionados con ella, los Juzgados y Tribunales de Madrid. El acceso a las p\u00e1ginas Web de este sitio, implica la aceptaci\u00f3n de todas las condiciones expresadas en esta informaci\u00f3n legal. GESTAGUA, podr\u00e1 modificar sin previo aviso, la estructura y dise\u00f1o del Web y adaptar este Aviso Legal a los cambios legislativos que se produzcan.<\/p>\n<p style=\"text-align: justify;\">\n<\/div>\n","protected":false},"excerpt":{"rendered":"<p>Informaci\u00f3n general Datos sobre este sitio web www.gestagua.es (Ley 34\/2002, de 11 de julio, de Servicios de la Sociedad de la Informaci\u00f3n y de Comercio Electr\u00f3nico): Titular: GESTI\u00d3N Y T\u00c9CNICAS DEL AGUA, S.A. Direcci\u00f3n: C\/ Rosario Pino, 14-16 Tel: 91 425 26 10 Datos Registrales: CIF: A-78139755 Inscrita en el Registro Mercantil de Madrid tomo [&hellip;]<\/p>\n","protected":false},"author":2,"featured_media":0,"parent":0,"menu_order":0,"comment_status":"open","ping_status":"closed","template":"","meta":{"footnotes":""},"class_list":["post-115","page","type-page","status-publish","hentry"],"_links":{"self":[{"href":"https:\/\/villarrobledo.gestagua.es\/index.php\/wp-json\/wp\/v2\/pages\/115","targetHints":{"allow":["GET"]}}],"collection":[{"href":"https:\/\/villarrobledo.gestagua.es\/index.php\/wp-json\/wp\/v2\/pages"}],"about":[{"href":"https:\/\/villarrobledo.gestagua.es\/index.php\/wp-json\/wp\/v2\/types\/page"}],"author":[{"embeddable":true,"href":"https:\/\/villarrobledo.gestagua.es\/index.php\/wp-json\/wp\/v2\/users\/2"}],"replies":[{"embeddable":true,"href":"https:\/\/villarrobledo.gestagua.es\/index.php\/wp-json\/wp\/v2\/comments?post=115"}],"version-history":[{"count":2,"href":"https:\/\/villarrobledo.gestagua.es\/index.php\/wp-json\/wp\/v2\/pages\/115\/revisions"}],"predecessor-version":[{"id":296,"href":"https:\/\/villarrobledo.gestagua.es\/index.php\/wp-json\/wp\/v2\/pages\/115\/revisions\/296"}],"wp:attachment":[{"href":"https:\/\/villarrobledo.gestagua.es\/index.php\/wp-json\/wp\/v2\/media?parent=115"}],"curies":[{"name":"wp","href":"https:\/\/api.w.org\/{rel}","templated":true}]}}