{"id":320,"date":"2014-10-24T12:25:59","date_gmt":"2014-10-24T12:25:59","guid":{"rendered":"http:\/\/villarrobledo.gestagua.es\/?page_id=320"},"modified":"2025-08-04T12:54:42","modified_gmt":"2025-08-04T12:54:42","slug":"pago-de-facturas","status":"publish","type":"page","link":"https:\/\/villarrobledo.gestagua.es\/index.php\/pago-de-facturas\/","title":{"rendered":"Pago de Facturas"},"content":{"rendered":"<p>Para su comodidad, aqu\u00ed puede pagar su factura de forma segura y directa, con tan s\u00f3lo el n\u00famero de factura podr\u00e1 acceder a nuestra plataforma de pago.<\/p>\n<p>Le rogamos, por favor, que verifique el importe antes de realizar el pago.<\/p>\n<p>Gracias por utilizar nuestro servicio, para cualquier duda, puede ponerse en contacto con nuestra\u00a0oficina comercial.<\/p>\n<form action=\"https:\/\/gestagua.es\/redirectFactura.php\" method=\"post\" name=\"pagofactura\"><strong>N\u00famero de Factura<\/strong>: <input name=\"factura\" type=\"text\" \/> <input type=\"submit\" value=\"Enviar\" \/><\/form>\n","protected":false},"excerpt":{"rendered":"<p>Para su comodidad, aqu\u00ed puede pagar su factura de forma segura y directa, con tan s\u00f3lo el n\u00famero de factura podr\u00e1 acceder a nuestra plataforma de pago. Le rogamos, por favor, que verifique el importe antes de realizar el pago. Gracias por utilizar nuestro servicio, para cualquier duda, puede ponerse en contacto con nuestra\u00a0oficina comercial. [&hellip;]<\/p>\n","protected":false},"author":2,"featured_media":0,"parent":0,"menu_order":0,"comment_status":"open","ping_status":"closed","template":"","meta":{"footnotes":""},"class_list":["post-320","page","type-page","status-publish","hentry"],"_links":{"self":[{"href":"https:\/\/villarrobledo.gestagua.es\/index.php\/wp-json\/wp\/v2\/pages\/320","targetHints":{"allow":["GET"]}}],"collection":[{"href":"https:\/\/villarrobledo.gestagua.es\/index.php\/wp-json\/wp\/v2\/pages"}],"about":[{"href":"https:\/\/villarrobledo.gestagua.es\/index.php\/wp-json\/wp\/v2\/types\/page"}],"author":[{"embeddable":true,"href":"https:\/\/villarrobledo.gestagua.es\/index.php\/wp-json\/wp\/v2\/users\/2"}],"replies":[{"embeddable":true,"href":"https:\/\/villarrobledo.gestagua.es\/index.php\/wp-json\/wp\/v2\/comments?post=320"}],"version-history":[{"count":5,"href":"https:\/\/villarrobledo.gestagua.es\/index.php\/wp-json\/wp\/v2\/pages\/320\/revisions"}],"predecessor-version":[{"id":415,"href":"https:\/\/villarrobledo.gestagua.es\/index.php\/wp-json\/wp\/v2\/pages\/320\/revisions\/415"}],"wp:attachment":[{"href":"https:\/\/villarrobledo.gestagua.es\/index.php\/wp-json\/wp\/v2\/media?parent=320"}],"curies":[{"name":"wp","href":"https:\/\/api.w.org\/{rel}","templated":true}]}}