{"id":354,"date":"2020-03-15T19:44:56","date_gmt":"2020-03-15T19:44:56","guid":{"rendered":"https:\/\/villarrobledo.gestagua.es\/?page_id=354"},"modified":"2020-03-15T19:44:59","modified_gmt":"2020-03-15T19:44:59","slug":"plan-de-contingencia-covid-19","status":"publish","type":"page","link":"https:\/\/villarrobledo.gestagua.es\/index.php\/plan-de-contingencia-covid-19\/","title":{"rendered":"Plan de Contingencia COVID-19"},"content":{"rendered":"\n<figure class=\"wp-block-image size-full\"><img decoding=\"async\" src=\"\/wp-content\/uploads\/2020\/03\/covid-19-virus_bg.jpg\" alt=\"\" class=\"wp-image-884\"\/><\/figure>\n\n\n\n<h2 class=\"wp-block-heading\"><strong>Gestagua garantiza agua en calidad y cantidad al 100% de usuarios, suspendiendo todos los cortes por impagos y con un plan de contingencias<\/strong><\/h2>\n\n\n\n<p><strong>Madrid,\n15 de marzo de 2020<\/strong><\/p>\n\n\n\n<p>GESTAGUA, que gestiona el ciclo integral del agua\npara m\u00e1s de un mill\u00f3n de ciudadanos en Espa\u00f1a, garantiza el suministro de agua en\ncalidad y cantidad a la totalidad de la poblaci\u00f3n que atiende, para lo que ha\nsuspendido todos los cortes por impago y ha puesto en marcha un Plan de\nContingencias.<\/p>\n\n\n\n<p>Dada la cr\u00edtica situaci\u00f3n que vive el pa\u00eds es\nimprescindible, a juicio de GESTAGUA, que todos los hogares tengan acceso al\nagua del grifo, tanto por las garant\u00edas de potabilidad que ofrece como por ser\nuna de las claves en la prevenci\u00f3n del contagio, a trav\u00e9s del lavado de manos\ncon jab\u00f3n.<\/p>\n\n\n\n<p>Esta media forma parte del Plan del Contingencias\nque GESTAGUA aplicar\u00e1 en todas sus explotaciones, m\u00e1s de medio centenar en\notros tantos municipios, para garantizar tanto la calidad del servicio que\npresta como la seguridad y la salud de usuarios, clientes, empleados y\ncolaboradores.<\/p>\n\n\n\n<p>As\u00ed, vistas las medidas tomadas\npor el Gobierno de Espa\u00f1a en el Real Decreto por el que se declara el Estado de\nAlarma, desde ma\u00f1ana, lunes 16 de marzo, GESTAGUA cerrar\u00e1 al p\u00fablico todas las\noficinas comerciales para todo tipo de tr\u00e1mites, excepto aqu\u00e9llos para los que\nsea estrictamente necesaria la presencia f\u00edsica del abonado. En paralelo, a\nprimera hora pondr\u00e1 a disposici\u00f3n de los usuarios los n\u00fameros de tel\u00e9fono y\ndirecciones de correo electr\u00f3nico disponibles para la atenci\u00f3n telef\u00f3nica y\/o\nla petici\u00f3n de cita, instando a aplazar todos los tr\u00e1mites no urgentes.<\/p>\n\n\n\n<p>Adem\u00e1s, reducir\u00e1\ntodas las actividades realizadas en la v\u00eda p\u00fablica, manteniendo \u00fanicamente las\nque resulten imprescindibles, y suspender\u00e1 todas las actividades de operaci\u00f3n y\nmantenimiento que no se consideren cr\u00edticas para la garant\u00eda en la continuidad\ny calidad del servicio.<\/p>\n\n\n\n<p>Como ya se\navanz\u00f3, GESTAGUA suspende todos los cortes por impago para garantizar el agua\ndel grifo a la totalidad de la poblaci\u00f3n; as\u00ed como las lecturas de contadores (instando\nal abonado a proporcionarla a trav\u00e9s de los canales de atenci\u00f3n al p\u00fablico) o las\noperaciones de cobro en met\u00e1lico en las oficinas. <\/p>\n\n\n\n<p>Por otra\nparte, facilitar\u00e1 en todas sus oficinas el r\u00e9gimen de teletrabajo y suspender\u00e1\nviajes de empleados fuera del \u00e1mbito de su centro de trabajo, excepto los\nimprescindibles para la continuidad y calidad del servicio, siendo\nimprescindible la aprobaci\u00f3n por parte la Direcci\u00f3n del \u00c1rea correspondiente y\nde la Direcci\u00f3n General. <\/p>\n\n\n\n<p>Quedan\ntambi\u00e9n canceladas todas las actividades formativas, salvo las ya programadas a\ndistancia u online, y las visitas a centros de trabajo e instalaciones, salvo\nlas destinadas al suministro de productos esenciales para el servicio.<\/p>\n\n\n\n<p>Para la\nimplementaci\u00f3n de este Plan de Contingencias sin que se resienta en lo m\u00e1s\nm\u00ednimo la calidad del servicio, GESTAGUA cuenta con sistemas de telemando y\ntelecontrol en todas sus instalaciones, que son los mejores instrumentos para\nel control y la supervisi\u00f3n sin necesidad de desplazamientos ni de presencia.<\/p>\n\n\n\n<p>Por \u00faltimo, GESTAGUA quiere agradecer la comprensi\u00f3n de todos sus\nabonados y usuarios, as\u00ed como apelar a la responsabilidad de toda la ciudadan\u00eda\npara superar esta situaci\u00f3n lo antes posible.<\/p>\n","protected":false},"excerpt":{"rendered":"<p>Gestagua garantiza agua en calidad y cantidad al 100% de usuarios, suspendiendo todos los cortes por impagos y con un plan de contingencias Madrid, 15 de marzo de 2020 GESTAGUA, que gestiona el ciclo integral del agua para m\u00e1s de un mill\u00f3n de ciudadanos en Espa\u00f1a, garantiza el suministro de agua en calidad y cantidad [&hellip;]<\/p>\n","protected":false},"author":1,"featured_media":0,"parent":0,"menu_order":0,"comment_status":"closed","ping_status":"closed","template":"","meta":{"footnotes":""},"class_list":["post-354","page","type-page","status-publish","hentry"],"_links":{"self":[{"href":"https:\/\/villarrobledo.gestagua.es\/index.php\/wp-json\/wp\/v2\/pages\/354","targetHints":{"allow":["GET"]}}],"collection":[{"href":"https:\/\/villarrobledo.gestagua.es\/index.php\/wp-json\/wp\/v2\/pages"}],"about":[{"href":"https:\/\/villarrobledo.gestagua.es\/index.php\/wp-json\/wp\/v2\/types\/page"}],"author":[{"embeddable":true,"href":"https:\/\/villarrobledo.gestagua.es\/index.php\/wp-json\/wp\/v2\/users\/1"}],"replies":[{"embeddable":true,"href":"https:\/\/villarrobledo.gestagua.es\/index.php\/wp-json\/wp\/v2\/comments?post=354"}],"version-history":[{"count":1,"href":"https:\/\/villarrobledo.gestagua.es\/index.php\/wp-json\/wp\/v2\/pages\/354\/revisions"}],"predecessor-version":[{"id":355,"href":"https:\/\/villarrobledo.gestagua.es\/index.php\/wp-json\/wp\/v2\/pages\/354\/revisions\/355"}],"wp:attachment":[{"href":"https:\/\/villarrobledo.gestagua.es\/index.php\/wp-json\/wp\/v2\/media?parent=354"}],"curies":[{"name":"wp","href":"https:\/\/api.w.org\/{rel}","templated":true}]}}