{"id":80,"date":"2013-09-30T16:55:25","date_gmt":"2013-09-30T16:55:25","guid":{"rendered":"http:\/\/villarrobledo.gestagua.es\/?page_id=80"},"modified":"2014-10-13T15:40:13","modified_gmt":"2014-10-13T15:40:13","slug":"clientes","status":"publish","type":"page","link":"https:\/\/villarrobledo.gestagua.es\/index.php\/clientes\/","title":{"rendered":"Clientes"},"content":{"rendered":"<p style=\"text-align: justify;\"><div class=\"theme-three-fourth\"> Gestagua &#8211; Villarrobledo entiende que su compromiso con los clientes gira en torno a la calidad y responsabilidad de los servicios que ofrece, as\u00ed como a su capacidad de garantizar el suministro, satisfaciendo sus necesidades y expectativas.<\/p>\n<ul>\n<li class=\"lista1\" style=\"text-align: justify;\">Mantenemos una voluntad clara de evolucionar con las necesidades de nuestros clientes.<\/li>\n<li class=\"lista1\" style=\"text-align: justify;\">Realizamos estudios y detectamos \u00e1reas de mejora para proporcionar calidad en nuestras instalaciones y servicios.<\/li>\n<li class=\"lista1\" style=\"text-align: justify;\">Nuestro servicio responde a las exigencias m\u00e1s altas en materia de calidad de agua y protecci\u00f3n del medio ambiente, dot\u00e1ndolo de procesos, procedimientos y herramientas necesarias para conseguir en todo momento un servicio \u00e1gil y eficiente.<\/li>\n<li class=\"lista1\" style=\"text-align: justify;\">La excelencia en la atenci\u00f3n al cliente es nuestro objetivo primordial.<\/li>\n<li class=\"lista1\" style=\"text-align: justify;\">Nuestras l\u00edneas de actuaci\u00f3n basadas en la uniformidad de criterios, hacen que nuestros empleados den una respuesta de calidad al cliente y lo m\u00e1s coherente posible.<\/li>\n<li class=\"lista1\" style=\"text-align: justify;\">Atenci\u00f3n completamente personalizada a nuestros clientes poniendo a su disposici\u00f3n el uso de diversas v\u00edas de atenci\u00f3n, en funci\u00f3n de las preferencias y h\u00e1bitos personales de los ciudadanos, para atender, tramitar y resolver todas las gestiones relacionadas con el servicio.<\/li>\n<\/ul>\n\r\n    <div class=\"blockquote-container-center\">\r\n        <div class=\"blockquote blockquote-classic\">\r\n            <p>\u201cLa especializaci\u00f3n y capacitaci\u00f3n en la gesti\u00f3n de los servicios que prestamos, nos garantiza alcanzar la plena satisfacci\u00f3n del cliente, prestando un servicio de calidad al ciudadano\u201d<\/p>\r\n            \r\n        <\/div>\r\n    <\/div> <\/div> <a href=\"http:\/\/villarrobledo.gestagua.es\/wp-content\/uploads\/2013\/09\/Clientes.jpg\"><img loading=\"lazy\" decoding=\"async\" class=\"size-medium wp-image-993 alignright\" src=\"http:\/\/villarrobledo.gestagua.es\/wp-content\/uploads\/2013\/09\/Clientes-199x300.jpg\" alt=\"Clientes\" width=\"199\" height=\"300\" \/><\/a><\/p>\n","protected":false},"excerpt":{"rendered":"","protected":false},"author":2,"featured_media":0,"parent":0,"menu_order":0,"comment_status":"open","ping_status":"closed","template":"","meta":{"footnotes":""},"class_list":["post-80","page","type-page","status-publish","hentry"],"_links":{"self":[{"href":"https:\/\/villarrobledo.gestagua.es\/index.php\/wp-json\/wp\/v2\/pages\/80","targetHints":{"allow":["GET"]}}],"collection":[{"href":"https:\/\/villarrobledo.gestagua.es\/index.php\/wp-json\/wp\/v2\/pages"}],"about":[{"href":"https:\/\/villarrobledo.gestagua.es\/index.php\/wp-json\/wp\/v2\/types\/page"}],"author":[{"embeddable":true,"href":"https:\/\/villarrobledo.gestagua.es\/index.php\/wp-json\/wp\/v2\/users\/2"}],"replies":[{"embeddable":true,"href":"https:\/\/villarrobledo.gestagua.es\/index.php\/wp-json\/wp\/v2\/comments?post=80"}],"version-history":[{"count":16,"href":"https:\/\/villarrobledo.gestagua.es\/index.php\/wp-json\/wp\/v2\/pages\/80\/revisions"}],"predecessor-version":[{"id":314,"href":"https:\/\/villarrobledo.gestagua.es\/index.php\/wp-json\/wp\/v2\/pages\/80\/revisions\/314"}],"wp:attachment":[{"href":"https:\/\/villarrobledo.gestagua.es\/index.php\/wp-json\/wp\/v2\/media?parent=80"}],"curies":[{"name":"wp","href":"https:\/\/api.w.org\/{rel}","templated":true}]}}